e greatest common factor of 579 and 421450433?
193
What is the highest common factor of 797148 and 52932?
132
What is the greatest common factor of 4212 and 6893874?
234
Calculate the greatest common divisor of 61005861 and 1116.
279
What is the greatest common divisor of 5338858 and 154?
14
What is the greatest common divisor of 30240 and 11559888?
432
What is the greatest common factor of 247662 and 72?
18
What is the highest common factor of 11740605 and 54?
3
What is the greatest common factor of 3625602 and 96066?
3558
Calculate the greatest common divisor of 108 and 136992852.
36
Calculate the greatest common divisor of 16 and 289019584.
16
Calculate the highest common factor of 2834723 and 59645.
151
Calculate the highest common factor of 192952 and 132788.
356
What is the greatest common divisor of 30150 and 37241280?
6030
Calculate the highest common factor of 605 and 3809245.
55
Calculate the greatest common factor of 900643656 and 120813.
17259
What is the highest common divisor of 2968 and 7708744?
424
Calculate the highest common divisor of 4872 and 4449480.
168
Calculate the greatest common factor of 2026360 and 36470.
70
Calculate the greatest common divisor of 2564 and 99392819.
641
What is the highest common factor of 475 and 3704639?
19
Calculate the highest common factor of 8414 and 1238.
2
What is the greatest common factor of 935 and 66385?
935
What is the highest common divisor of 763 and 5665711?
109
Calculate the greatest common divisor of 5885 and 1383415.
55
What is the highest common divisor of 5278 and 16503578?
182
Calculate the highest common divisor of 7471684 and 1269.
47
What is the highest common factor of 1582870 and 290?
10
What is the greatest common divisor of 368 and 3260319?
23
Calculate the greatest common divisor of 51403461 and 18615.
3723
Calculate the greatest common factor of 76217507 and 15019.
653
What is the highest common factor of 2832 and 3238156?
236
Calculate the greatest common factor of 1087 and 168573047.
1087
What is the highest common divisor of 158256757 and 646?
323
What is the highest common divisor of 45044194 and 13?
13
Calculate the greatest common divisor of 84169 and 3277979.
1153
What is the greatest common factor of 4 and 42498628?
4
What is the greatest common divisor of 1212621 and 280407?
1857
Calculate the highest common divisor of 30601 and 282736.
431
What is the highest common factor of 60074370 and 10440?
2610
Calculate the highest common divisor of 2153279 and 3567.
1189
What is the highest common divisor of 470321 and 178511?
137
What is the greatest common factor of 4839356 and 2448?
68
Calculate the greatest common divisor of 8342325 and 544.
17
Calculate the highest common factor of 970 and 48018880.
970
What is the highest common factor of 14090766 and 966?
138
What is the greatest common factor of 775 and 498475?
25
What is the highest common divisor of 1720 and 120997270?
430
What is the greatest common factor of 1674 and 58807?
31
What is the greatest common factor of 2116051 and 335421?
4141
Calculate the highest common divisor of 2430 and 2498040.
2430
What is the highest common factor of 357097 and 64051?
169
What is the greatest common factor of 216 and 694696?
8
Calculate the greatest common factor of 300258574 and 5929.
539
Calculate the greatest common divisor of 578 and 4683636.
34
What is the highest common divisor of 9 and 22941459?
9
Calculate the greatest common factor of 228527542 and 172.
86
What is the greatest common divisor of 2730 and 7467390?
210
What is the greatest common factor of 413 and 1174292?
7
Calculate the greatest common factor of 252784 and 369075.
259
What is the greatest common divisor of 1207 and 4793352?
71
What is the highest common factor of 18071 and 94452?
17
Calculate the greatest common divisor of 855 and 909045.
45
What is the highest common factor of 252 and 1386252?
252
What is the highest common divisor of 147247848 and 6534?
594
What is the greatest common factor of 141 and 4608914?
47
Calculate the greatest common factor of 603 and 26755713.
603
What is the highest common divisor of 41733346 and 178?
178
Calculate the highest common divisor of 11500797 and 1155.
231
Calculate the greatest common factor of 758 and 417507158.
758
What is the greatest common factor of 5639958 and 108?
18
Calculate the greatest common factor of 86385 and 8515.
65
What is the greatest common divisor of 6250 and 5400050?
50
Calculate the highest common factor of 72552713 and 177.
59
What is the greatest common divisor of 1579547 and 3928?
491
Calculate the highest common divisor of 165 and 38035.
5
What is the greatest common factor of 2477793 and 10246?
47
What is the highest common factor of 184667518 and 518?
518
What is the highest common factor of 9043894 and 5826?
1942
Calculate the greatest common divisor of 3261147 and 7825.
313
Calculate the highest common factor of 96 and 11934176.
32
What is the greatest common divisor of 43693286 and 546?
182
Calculate the greatest common divisor of 5064 and 4550848.
1688
What is the greatest common divisor of 401377 and 3776?
59
Calculate the highest common divisor of 469 and 486829.
7
Calculate the greatest common factor of 7115323 and 764.
191
What is the greatest common factor of 768766638 and 6?
6
Calculate the greatest common divisor of 30291870 and 7.
7
What is the greatest common divisor of 10515160 and 320?
40
Calculate the highest common divisor of 6957 and 92986489.
773
Calculate the greatest common divisor of 480 and 8079520.
160
What is the highest common divisor of 215610633 and 504?
63
Calculate the greatest common divisor of 197 and 5460649698.
197
Calculate the greatest common divisor of 99512 and 5350547.
1777
Calculate the greatest common factor of 142269938 and 226.
226
What is the greatest common divisor of 29768 and 41403567?
3721
What is the highest common factor of 2349831 and 2108?
31
What is the highest common divisor of 2937 and 866783104?
979
What is the highest common divisor of 2532 and 144540?
12
Calculate the greatest common divisor of 690899 and 452717.
107
Calculate the highest common divisor of 106 and 2481667760.
106
What is the highest common divisor of 3499200 and 68850?
4050
Calculate the greatest common factor of 720 and 1203690.
30
Calculate the highest common factor of 13201 and 464184.
307
Calculate the greatest common divisor of 732 and 284028.
12
Calculate the highest common divisor of 2764080 and 756.
36
What is the highest common factor of 3306 and 1198669644?
3306
Calculate the highest common factor of 1246 and 4027744.
14
Calculate the highest common factor of 9322668 and 18.
18
Calculate the greatest common factor of 25806251 and 179.
179
What is the highest common divisor of 14219760 and 195?
15
Calculate the greatest common factor of 80 and 53906260.
20
What is the highest common divisor of 58 and 53318733?
29
What is the highest common factor of 6181 and 96824?
7
Calculate the highest common divisor of 336461 and 4661.
79
What is the greatest common divisor of 95872869 and 232?
29
Calculate the highest common divisor of 66520856 and 24.
8
What is the highest common divisor of 3651 and 65010923?
1217
Calculate the greatest common factor of 6 and 2843208.
6
What is the highest common factor of 78 and 3536403?
39
Calculate the greatest common factor of 462 and 77179102.
154
Calculate the highest common divisor of 18437 and 3154890.
103
What is the greatest common divisor of 10548 and 8604?
36
Calculate the greatest common factor of 62853208 and 32.
8
Calculate the highest common divisor of 10576 and 101429128.
5288
Calculate the greatest common factor of 35888 and 544816.
16
Calculate the highest common divisor of 3376456 and 72.
8
What is the greatest common factor of 2888633 and 14520?
121
Calculate the greatest common factor of 2196 and 51355872.
36
Calculate the highest common divisor of 369650 and 10875.
25
What is the highest common divisor of 198289 and 1393?
7
What is the highest common divisor of 23630 and 574600?
170
What is the highest common factor of 78851960 and 880?
440
Calculate the greatest common divisor of 19975 and 1292425.
425
What is the highest common factor of 13 and 131210560?
13
Calculate the greatest common fa